the prime factors of 269906?
2, 7, 13, 1483
What are the prime factors of 62726?
2, 79, 397
List the prime factors of 355236.
2, 3, 7, 4229
List the prime factors of 162343.
162343
List the prime factors of 5696801.
11, 23, 89
List the prime factors of 1331831.
17, 157, 499
List the prime factors of 3856071.
3, 643, 1999
What are the prime factors of 1937475?
3, 5, 79, 109
What are the prime factors of 2712030?
2, 3, 5, 90401
What are the prime factors of 4630420?
2, 5, 127, 1823
List the prime factors of 4059408.
2, 3, 23, 3677
What are the prime factors of 2258006?
2, 479, 2357
What are the prime factors of 695907?
3, 77323
What are the prime factors of 455492?
2, 23, 4951
List the prime factors of 3595659.
3, 23, 31, 41
What are the prime factors of 241756?
2, 19, 3181
What are the prime factors of 866803?
7, 123829
List the prime factors of 25026562.
2, 11, 113, 10067
What are the prime factors of 17281149?
3, 5760383
What are the prime factors of 623819?
7, 29, 439
What are the prime factors of 1407201?
3, 67, 7001
What are the prime factors of 62879?
227, 277
List the prime factors of 75866.
2, 7, 5419
What are the prime factors of 803277?
3, 47, 211
What are the prime factors of 3290964?
2, 3, 139, 1973
List the prime factors of 381203.
103, 3701
What are the prime factors of 160278?
2, 3, 26713
What are the prime factors of 507177?
3, 11, 47, 109
List the prime factors of 78853.
78853
What are the prime factors of 4956351?
3, 419, 3943
List the prime factors of 402137.
402137
What are the prime factors of 3491427?
3, 577, 2017
What are the prime factors of 692223?
3, 7, 17, 277
What are the prime factors of 3442562?
2, 47, 53, 691
List the prime factors of 919565.
5, 353, 521
What are the prime factors of 744793?
7, 103, 1033
What are the prime factors of 85884?
2, 3, 17, 421
What are the prime factors of 234485?
5, 23, 2039
What are the prime factors of 3380815?
5, 563, 1201
List the prime factors of 664667.
664667
What are the prime factors of 284745?
3, 5, 41, 463
What are the prime factors of 18925771?
2791, 6781
List the prime factors of 738380.
2, 5, 36919
List the prime factors of 1785880.
2, 5, 44647
List the prime factors of 44154.
2, 3, 11, 223
List the prime factors of 399401.
399401
List the prime factors of 48863.
131, 373
List the prime factors of 239068.
2, 59, 1013
List the prime factors of 789833.
11, 59, 1217
List the prime factors of 5371004.
2, 1342751
What are the prime factors of 20731660?
2, 5, 19, 89, 613
What are the prime factors of 607897?
233, 2609
List the prime factors of 678583.
43, 367
List the prime factors of 242052.
2, 3, 23, 877
What are the prime factors of 7430740?
2, 5, 79, 4703
List the prime factors of 1242754.
2, 419, 1483
What are the prime factors of 23167917?
3, 593, 1447
List the prime factors of 999349.
13, 76873
What are the prime factors of 20836899?
3, 373, 2069
List the prime factors of 1372766.
2, 211, 3253
List the prime factors of 82194.
2, 3, 7, 19, 103
What are the prime factors of 3886214?
2, 1943107
List the prime factors of 469612.
2, 11, 13, 821
List the prime factors of 206200.
2, 5, 1031
List the prime factors of 324398.
2, 61, 2659
What are the prime factors of 742969?
23, 32303
List the prime factors of 1122792.
2, 3, 11, 4253
What are the prime factors of 18457?
18457
List the prime factors of 21257024.
2, 41, 8101
What are the prime factors of 1168303?
89, 13127
List the prime factors of 646584.
2, 3, 29, 929
What are the prime factors of 856991?
337, 2543
What are the prime factors of 810509?
7, 17, 139
List the prime factors of 6363718.
2, 107, 131, 227
List the prime factors of 9248908.
2, 373, 6199
What are the prime factors of 211164?
2, 3, 17597
What are the prime factors of 808575?
3, 5, 10781
List the prime factors of 185482.
2, 11, 8431
What are the prime factors of 632881?
632881
What are the prime factors of 456921?
3, 5641
List the prime factors of 7132525.
5, 285301
What are the prime factors of 221964?
2, 3, 53, 349
What are the prime factors of 15682392?
2, 3, 11, 19801
List the prime factors of 4208654.
2, 29, 149, 487
List the prime factors of 18819479.
7, 433, 887
What are the prime factors of 798592?
2, 17, 367
List the prime factors of 1570976.
2, 11, 4463
List the prime factors of 39874.
2, 19937
List the prime factors of 7424644.
2, 109, 17029
List the prime factors of 542992.
2, 33937
List the prime factors of 797109.
3, 265703
What are the prime factors of 223722?
2, 3, 1381
What are the prime factors of 168783?
3, 127, 443
What are the prime factors of 1237401?
3, 11, 29, 431
List the prime factors of 292583.
23, 12721
List the prime factors of 9371419.
23, 433, 941
What are the prime factors of 4385080?
2, 5, 7, 15661
What are the prime factors of 1777518?
2, 3, 32917
What are the prime factors of 1745117?
11, 158647
What are the prime factors of 4535316?
2, 3, 53, 2377
What are the prime factors of 287333?
287333
List the prime factors of 4525344.
2, 3, 19, 827
List the prime factors of 1304717.
569, 2293
What are the prime factors of 12229848?
2, 3, 169859
What are the prime factors of 14767818?
2, 3, 13, 59, 3209
List the prime factors of 15796107.
3, 585041
List the prime factors of 230456.
2, 28807
List the prime factors of 913373.
913373
What are the prime factors of 4616235?
3, 5, 13, 607
What are the prime factors of 38479310?
2, 5, 3847931
List the prime factors of 19521950.
2, 5, 7, 17, 193
What are the prime factors of 8757640?
2, 5, 218941
List the prime factors of 269444.
2, 7, 9623
List the prime factors of 460031.
11, 13, 3217
List the prime factors of 333159.
3, 111053
What are the prime factors of 98494?
2, 11, 37
List the prime factors of 7293161.
173, 42157
List the prime factors of 6768463.
13, 23, 22637
List the prime factors of 4491752.
2, 19, 29, 1019
What are the prime factors of 48140?
2, 5, 29, 83
List the prime factors of 1479429.
3, 7, 23, 1021
List the prime factors of 2092956.
2, 3, 174413
List the prime factors of 94451.
7, 103, 131
What are the prime factors of 228093?
3, 76031
What are the prime factors of 4786375?
5, 11, 59
What are the prime factors of 79518?
2, 3, 29, 457
What are the prime factors of 13075150?
2, 5, 11, 23773
What are the prime factors of 16764774?
2, 3, 13, 37, 157
What are the prime factors of 186966?
2, 3, 13, 17, 47
List the prime factors of 8588927.
17, 505231
List the prime factors of 648991.
7, 23, 29, 139
What are the prime factors of 54463?
107, 509
What are the prime factors of 254978?
2, 23, 241
What are the prime factors of 4071?
3, 23, 59
List the prime factors of 21170636.
2, 19, 278561
What are the prime factors of 567191?
577, 983
What are the prime factors of 13433982?
2, 3, 2238997
What are the prime factors of 5377523?
2203, 2441
What are the prime factors of 441635?
5, 88327
What are the prime factors of 2320759?
7, 331537
What are the prime factors of 1966761?
3, 24281
What are the prime factors of 525910?
2, 5, 7, 11, 683
List the prime factors of 308555.
5, 13, 47, 101
What are the prime factors of 8173193?
7, 1167599
List the prime factors of 77253.
3, 11, 2341
List the prime factors of 1398875.
5, 19, 31
List the prime factors of 403503.
3, 19, 7079
What are the prime factors of 314420?
2, 5, 79, 199
What are the prime factors of 24138190?
2, 5, 2413819
List the prime factors of 573239.
269, 2131
What are the prime factors of 257337?
3, 353
What are the prime factors of 2370314?
2, 83, 109, 131
List the prime factors of 370085.
5, 74017
List the prime factors of 4153855.
5, 71, 11701
What are the prime factors of 2905956?
2, 3, 8969
What are the prime factors of 347564?
2, 7, 12413
List the prime factors of 24703410.
2, 3, 5, 823447
List the prime factors of 881305.
5, 176261
What are the prime factors of 43053?
3, 113, 127
What are the prime factors of 190123?
31, 6133
What are the prime factors of 304080?
2, 3, 5, 7, 181
List the prime factors of 395470.
2, 5, 71, 557
What are the prime factors of 17318525?
5, 7, 98963
What are the prime factors of 7979442?
2, 3, 1329907
What are the prime factors of 216022?
2, 108011
What are the prime factors of 7700397?
3, 43, 59693
List the prime factors of 3445241.
47, 73303
List the prime factors of 4916745.
3, 5, 37, 295